ulate -46 + (98 + -82 - (22 + -3)).
-49
23 - 9 - ((23 - -48 - 54) + 0 + 11)
-14
Calculate 18 + (152 - 141 - (17 + -3)).
15
-58 - (124 - 64 - 87)
-31
Evaluate -13 + (1 + -29 - (-351 - -324)).
-14
What is -98 - (-57 + (32 - 7) - -12)?
-78
Calculate -34 + -9 + -18 + -6 + 24 + -7.
-50
What is the value of (-34 - -41) + -9 - (79 - 6 - -3)?
-78
(-13 + (3 - -7) - -23 - 31) + 37
26
What is the value of (-26 - -28) + -82 + -8 + -6 + 2?
-92
97 + (-59 - (19 + 65))
-46
What is the value of -74 - -1 - (-10 - -62 - 36) - -15?
-74
What is -76 + 8 + (-16 - -9) + 46 + -31?
-60
What is -2 - (40 + -32) - (-3 + 4 + -40)?
29
-28 - (5 + -23 - (2 + -25))
-33
What is the value of (3 + -8 - (4 + -6)) + -12?
-15
What is the value of -21 + -72 - -70 - 48?
-71
What is (2 - 3) + 29 + (22 + -22 - 16 - -18)?
30
What is the value of 31 + (-33 - (-86 + 20))?
64
What is (-2 - -3) + 0 - -3 - (-1 - -7 - -2)?
-4
What is the value of -6 + 10 + -60 + -454 + 460?
-50
Calculate -3 + 54 - (5 + -25 + 30) - 5.
36
What is the value of 80 - (54 + (37 - 30) + -39)?
58
Evaluate (17 + -13 + -13 + 2 - -9) + 15.
17
Evaluate -79 - ((84 - 51) + -76) - (-1 + -11).
-24
What is the value of -65 + (59 - 16) - (32 + 2)?
-56
Evaluate 13 - (-3 - (-1 - -3) - (238 + -238)).
18
Evaluate 3 + (-171 - -175 - (2 - 45)).
50
-34 + -1 + 13 + -121 + 98
-45
38 - (26 - 24 - (1 + 3 - (3 + 2)))
35
Calculate -700 - -843 - (-5 + 139).
9
-8 + 17 - -2 - (-75 + (79 - 48))
55
What is the value of 50 + 15 - (11 + -13 + 2)?
65
What is the value of 19 + (-9 - 4) + -21 + 9?
-6
Evaluate (-14 - (-7 + 18 + -6 + -11)) + 7.
-1
What is -7 - -6 - (80 + (-2 - (-21 + 18)))?
-82
-2 + -46 + 51 - -27
30
What is 0 - (94 - (14 + -14 + 14))?
-80
What is 10 + -1 + (2 + -1 - 3) - (-1606 - -1667)?
-54
Calculate -5 - -4 - (-4 + (-13 - 0 - (-21 - -25))).
20
Calculate 38 + (6 - (1 + 8)) + (77 - 65).
47
-45 - (20 + -69 + 37)
-33
-13 + (48 + (68 - 99) - (1 - -1))
2
What is -14 + (48 - -5) + 19?
58
Evaluate (687 - 662) + -17 + -1.
7
Evaluate 7 - ((-11 - (-3 - -2)) + (94 - (3 + 12))).
-62
Evaluate (-6 - -28 - -8) + -69 - (-5 - -15).
-49
What is the value of (26 - (42 + -15) - (-2 - -8)) + 15 + -31?
-23
(123 - 86) + -167 + 111
-19
What is the value of -84 + -36 + 134 - (-34 - 2)?
50
What is -76 + 14 + 50 + -32?
-44
102 + -108 + 13 - 78
-71
5 + 26 + (2 - -26) + -23
36
What is the value of (-30 - 16) + 18 - (2 - (0 + (5 - 3)))?
-28
Calculate (104 - -54 - 248) + 12.
-78
What is the value of 11302 + -11403 - (-1 + -88)?
-12
What is the value of -1 - 91 - (50 + (-109 + 21 - -41))?
-95
Calculate -8 + -19 - -8 - -34 - 8.
7
Calculate 143 - 130 - (0 + 1) - (12 + -16).
16
71 + 16 - (75 - 114)
126
Calculate -55 + (46 - 12) - -157.
136
Evaluate 51 + -2 + -2 - (-12158 - -12189).
16
((1 - -3) + 0 - 12) + (57 - 40 - -21)
30
What is 388 - 503 - (20 + -60)?
-75
-97 + 187 + -111 - -82
61
-58 + 51 + -24 - -58 - 23
4
What is -31 + (48 - 7) - (-4 + 9 + 13) - 36?
-44
What is 4 + (-34 - -159 - (3 - 0) - 23)?
103
Calculate (-74 - (-555 + 555 + -1 + 0 + -3)) + -1.
-71
Calculate (19 - -1) + (287 + -233 - (5 - 15)).
84
What is 56 + -105 + -31 + 64?
-16
What is -77 + 27 - (454 - 598)?
94
Evaluate 3 + 249 + -236 + (76 - (-6 - (0 + -2))).
96
Evaluate -982 - -937 - (-5 + 2).
-42
457 - 602 - (7 - 126)
-26
What is 23 - 55 - (-122 - -46)?
44
Evaluate 34 + 5 - (178 + -140 + 98).
-97
(-1 - (-3 + 0) - 0) + (277 - (-366 + 570))
75
Calculate -19 + 54 - 21 - 22.
-8
Calculate -16 + 23 + (55 - 13).
49
Calculate (-42 - -21) + (41 - 44 - (6 + -1)).
-29
Evaluate 10 - (10 + -17 + 4 + 2 + 5) - -9.
15
What is -41 + (-22 - -45) + 20 - (-1 + 33)?
-30
Calculate 7 - ((-44 - -13) + (-24 - -91)).
-29
Calculate 0 - 63 - (29 + (-40 - (34 + -60))).
-78
Calculate 3 + -14 + 10 + -27.
-28
Calculate 22 + -13 + -33 + 46 - 73.
-51
What is 99 - (-23 - (15 + (19 - (2 - -75))))?
79
What is the value of 75 - (-52 + 102 - 0)?
25
12 - (25 + (5 - 10)) - (3 - -28 - 3)
-36
Evaluate 1 + 4 - -1 - (-79 + 130).
-45
Evaluate 2 + (3 - -61) - (21 - (27 - (3 + 10))).
59
Calculate 16 - (-71 - (83 + -207)).
-37
What is 28 - (-7 - -16 - 27 - (-1 + -3))?
42
Calculate (25 - (31 + -94 + 28)) + 25.
85
(1 + 3 - -3) + 15 + -53 + 18
-13
What is the value of (-22 - (-14 + 15 - 22)) + -45?
-46
Evaluate ((18 - -22) + -11 - 18) + (-53 - -2).
-40
-3608 - -3613 - (87 + 1)
-83
What is 86 + -101 - (6 - (3 - (5 - -2)))?
-25
Calculate -72 - (-186 + 67) - -38.
85
-10 + (0 - ((-10 - 2 - -17) + -7)) + 0
-8
What is the value of -2 + 10 + (-6 - (-6 + (9 - -12) + -16))?
3
Evaluate (52 - 55) + -2 + 1 + 2 + -5 - 46.
-53
34 - (-853 + 1014 - (14 + -1))
-114
Evaluate 32 - 62 - (-27 + -1) - 2.
-4
What is the value of (-4 - -1) + 10 + (-22 - -68) + -25 + -73?
-45
Evaluate 23 + 31 + 1 + -21.
34
What is the value of (43 - 47 - (0 + -22)) + (-130 - -61)?
-51
What is (54 + -27 - 19) + -23 + -21?
-36
What is the value of 61 + -73 - (0 + 5 - (3 + 27)) - -2?
15
Evaluate (-1 - 17) + (-82 - (-102 - -27)).
-25
Evaluate -1 - 7 - ((9 - 2 - -5) + 2).
-22
1 + -22 + -43 + (-1 - -55)
-10
(49 - 17 - (5 + -2)) + -1 - 2
26
What is the value of 4 + (70 - 18 - 93)?
-37
Calculate 11 + (-43 - -23) + 23 + -12.
2
What is the value of (1 - -20) + (2868 - 2834)?
55
Evaluate 70 + -170 + 2 - -81.
-17
What is (-28 - 3) + (-18 - (1 + 0) - -31)?
-19
(-17 - 3 - -2 - 3) + 15 + (2 - -51)
47
Calculate (3 - -107) + (-12 - -20 - -10 - 24).
104
3 + -1 - (-102 - -105 - 16) - (-1 + 158)
-142
What is the value of 13 - (-23 - -97 - 17)?
-44
Evaluate (247 - 219 - (2 - 11)) + -8.
29
Calculate -34 + (0 + (-47 - -21) - -44).
-16
What is the value of (-129 - (-202 - -95)) + -11 + (-2 - -1)?
-34
(29 - -77) + -49 + 34 + -32
59
Calculate 93 - (8 + (35 - 12) - -5).
57
Calculate 18 + (-2 - -48) + -13.
51
Evaluate -7 + -2 + -5 + (12 + -19 - -5).
-16
What is the value of 7 - ((0 + 2 - (76 - 60)) + -6)?
27
What is the value of (-5 - -19) + -28 - 12 - -21?
-5
What is the value of 2 - 31 - (-68 - -47) - (28 + 0)?
-36
Evaluate 94 - 50 - 50 - (-28 + 2) - -20.
40
What is 35 + 1 - (10636 - 10613)?
13
What is -19 - (-4 - 15) - (69 + -18)?
-51
(13 - (-25 - -22)) + 4 - 69
-49
What is the value of -12 + (-25 - (-17 + 23 - 38))?
-5
9 - (-10 - (-7 + -1) - -4) - (38 - 9)
-22
-3 + 13 + (6 - 0 - -21) - (0 + 1)
36
95 + (-5 - -6) - (-93 + 58)
131
What is the value of -87 - -45 - (50 - 53)?
-39
Evaluate -14 + (-35 - (19 - 26)).
-42
Evaluate 154 - ((-2 - (-1 - -3)) + -78 + 115 + -19).
140
Evaluate (-273 - (210 - 498)) + -9 + -1.
5
(0 - (-13 + 18)) + (4 - 10) + -13
-24
-2 + -19 + 44 + 7 + -23
7
Calculate (-8 - (5 - (-6 - (16 + -19)))) + 4.
-12
Evaluate 32 - (157 + -66 + -23).
-36
What is 15 + -23 + 3 + 2 + (64 - 10)?
51
What is the value of 2 - 104 - (-34 + -21)?
-47
What is the value of (7 - -1 - 19) + 14 + 0 + -13?
-10
Evaluate (-55 - (-119 + 74)) + (0 - -146).
136
40 - (1 + -18 + (191 - 178))
44
Evaluate -1153 + 1146 - (-1 + 0) - (1 + -95).
88
What is the value of (7 + -4 - 50) + (43 - (-24 - -62))?
-42
(-37 - -39 - -32) + (-8 - -3)
29
Calculate -17 + 0 + (-18 - -35) + -2 + 6.
4
Calculate -15276 + 15282 - (145 - 2 - (4 - 1) - -2).
-136
Evaluate 63 + (-50 + 46 - (5 + 4)) + -10.
40
What is 48 + (-168 - -10 - -13)?
-97
-7 - (-5 + (0 - (11 - 11)) + (-2 - 26))
26
What is -61 + 28 + 8 + 1 + 88?
64
Calculate -32 + 12 + 53 + 70 - (0 + 5 - -1).
97
What is 83 - ((-67 - (-17 - 47)) + (-16 - 0))?
102
Evaluate (-997 - -1008) + 20 + -2.
29
Evaluate -22 - (-32 + 13 + 47 + -8).
-42
Calculate (-9 - 1) + (58 - 57) + -15 + (0 - 33).
-57
What is -88 + 105 + -24 + (81 + 1 - 1) + 1?
75
What is the value of (-15 - -19) + (24 - -49 - (9 - 1))?
69
What is the value of -21 - (17 - (6 - (25 - 6)))?
-51
What is the value of (2 + (2 - -4) - 3) + 66 + 31 + -141?
-39
(2 - -2) + 12 + -3 - 4 - (10 - 10)
9
Calculate -33 + -5 + 67 + -69.
-40
(-4 - -2) + 60 + (-6 - -10 - 17)
45
Calculate (16 - (17 - 41) - -46) + 12.
98
What is the value of -2 + -1 + -1 + -1537 + 1494?
-47
Calculate 16 + (-39 - (36 + -64)).
5
(148 - (59 - -18)) + (1 - 15)
57
What is 14 + (-11 + 0 - (-61 + -36 + 94))?
6
Evaluate -731 + 698 + -1 + 33.
-1
Evaluate -46 - (-4 - (-15 - -16)).
-41
Calculate -10 - (-78 + (13 - (3 - (-14 + 8)) - 8)).
72
Calculate 12 + (-51 + 29 - -19 - (3 + 12)).
-6
What is the value of 116 + -78 + -22 - 115?
-99
Calculate (89 - 1) + (15 + -30 + 0 - -15) + 13.
101
What is 3 